ate the remainder when 70514 is divided by 1157.
1094
Calculate the remainder when 103183941 is divided by 4188.
4185
What is the remainder when 621205 is divided by 7675?
7205
Calculate the remainder when 279429 is divided by 3.
0
What is the remainder when 2717197 is divided by 13517?
280
What is the remainder when 4802468 is divided by 273?
125
What is the remainder when 6970152 is divided by 3636?
3576
What is the remainder when 2013421 is divided by 41090?
11
What is the remainder when 20175450 is divided by 1437?
1407
Calculate the remainder when 27301 is divided by 7632.
4405
What is the remainder when 63994 is divided by 366?
310
Calculate the remainder when 178299428 is divided by 1362.
8
What is the remainder when 3821328 is divided by 39395?
13
What is the remainder when 1124217257 is divided by 7109?
7106
Calculate the remainder when 19184452 is divided by 44615.
2
What is the remainder when 2733809 is divided by 911?
809
Calculate the remainder when 5558325 is divided by 287.
283
Calculate the remainder when 751039 is divided by 37.
13
What is the remainder when 969398 is divided by 969378?
20
What is the remainder when 85721 is divided by 40496?
4729
What is the remainder when 170273 is divided by 17017?
103
Calculate the remainder when 1001570 is divided by 3407.
3319
What is the remainder when 272240342 is divided by 65?
62
What is the remainder when 383435 is divided by 1017?
26
What is the remainder when 1971753 is divided by 657251?
0
Calculate the remainder when 203710 is divided by 194.
10
What is the remainder when 1977539 is divided by 152118?
5
What is the remainder when 60214202 is divided by 1209?
1166
Calculate the remainder when 550041 is divided by 68752.
25
Calculate the remainder when 89011 is divided by 1439.
1232
What is the remainder when 837594 is divided by 24628?
242
Calculate the remainder when 114393229 is divided by 818.
19
What is the remainder when 871005 is divided by 43?
40
Calculate the remainder when 15388228 is divided by 374.
372
What is the remainder when 71776 is divided by 453?
202
What is the remainder when 37062069 is divided by 4557?
4545
Calculate the remainder when 9007210 is divided by 167.
65
Calculate the remainder when 500940 is divided by 852.
816
What is the remainder when 15627 is divided by 4934?
825
What is the remainder when 2799936 is divided by 715?
711
What is the remainder when 266853038 is divided by 2639?
2636
What is the remainder when 13975118 is divided by 931667?
113
What is the remainder when 24240974 is divided by 340?
334
Calculate the remainder when 3217 is divided by 88.
49
Calculate the remainder when 108737 is divided by 523.
476
What is the remainder when 646318108 is divided by 2272?
2268
Calculate the remainder when 660772 is divided by 528.
244
What is the remainder when 84137 is divided by 26415?
4892
Calculate the remainder when 1773292 is divided by 1851.
34
Calculate the remainder when 4752829 is divided by 2261.
207
What is the remainder when 12448540 is divided by 19?
6
Calculate the remainder when 1475116 is divided by 7195.
141
What is the remainder when 1309616 is divided by 100739?
9
Calculate the remainder when 817671 is divided by 742.
729
Calculate the remainder when 2275 is divided by 53.
49
What is the remainder when 52966044 is divided by 40587?
9
What is the remainder when 7345656 is divided by 121?
109
Calculate the remainder when 54898131 is divided by 16.
3
What is the remainder when 704989933 is divided by 407?
406
Calculate the remainder when 112314008 is divided by 7233.
7217
What is the remainder when 181574 is divided by 90584?
406
What is the remainder when 120369 is divided by 792?
777
What is the remainder when 2115207 is divided by 136?
135
Calculate the remainder when 3176312 is divided by 89.
80
What is the remainder when 587343 is divided by 6526?
3
What is the remainder when 38688502 is divided by 3868850?
2
What is the remainder when 13147935 is divided by 2191320?
15
What is the remainder when 58605 is divided by 9995?
8630
Calculate the remainder when 1615544 is divided by 201942.
8
What is the remainder when 16175 is divided by 17?
8
Calculate the remainder when 868133 is divided by 3090.
2933
Calculate the remainder when 267622 is divided by 2176.
2150
Calculate the remainder when 13993470 is divided by 46.
40
What is the remainder when 21875155 is divided by 19?
18
What is the remainder when 111041 is divided by 2263?
154
Calculate the remainder when 769455 is divided by 375.
330
What is the remainder when 3268181 is divided by 336?
245
What is the remainder when 3398391 is divided by 10236?
39
Calculate the remainder when 3040845 is divided by 18.
15
What is the remainder when 796348 is divided by 41912?
20
Calculate the remainder when 995597 is divided by 6.
5
Calculate the remainder when 35163 is divided by 1832.
355
What is the remainder when 1683607 is divided by 26306?
23
What is the remainder when 369536095 is divided by 8183?
8181
What is the remainder when 1582716 is divided by 31033?
33
What is the remainder when 6458399 is divided by 208?
207
What is the remainder when 626231 is divided by 3334?
2773
What is the remainder when 15993848 is divided by 12?
8
Calculate the remainder when 492996 is divided by 164322.
30
What is the remainder when 316983 is divided by 593?
321
Calculate the remainder when 726254 is divided by 241845.
719
Calculate the remainder when 75422325 is divided by 16987.
45
What is the remainder when 38901 is divided by 12068?
2697
What is the remainder when 44209 is divided by 5293?
1865
Calculate the remainder when 783207 is divided by 1509.
36
What is the remainder when 1539168 is divided by 709?
638
Calculate the remainder when 2270429 is divided by 1949.
1793
What is the remainder when 2972122 is divided by 565?
222
Calculate the remainder when 7108543 is divided by 1446.
7
What is the remainder when 51011 is divided by 1211?
149
What is the remainder when 36995208 is divided by 20714?
4
Calculate the remainder when 1472125 is divided by 3.
1
What is the remainder when 5581429 is divided by 126849?
73
Calculate the remainder when 76413971 is divided by 13.
10
What is the remainder when 808539 is divided by 404231?
77
Calculate the remainder when 405094 is divided by 1171.
1099
What is the remainder when 253765 is divided by 3965?
5
What is the remainder when 85365 is divided by 17072?
5
What is the remainder when 10094912 is divided by 517?
487
What is the remainder when 68427574 is divided by 51?
7
What is the remainder when 1609657 is divided by 464?
41
Calculate the remainder when 220296 is divided by 822.
0
Calculate the remainder when 13934373 is divided by 29.
18
Calculate the remainder when 24360 is divided by 3988.
432
What is the remainder when 25241896 is divided by 11?
9
Calculate the remainder when 364530 is divided by 179858.
4814
What is the remainder when 13747313 is divided by 4066?
167
What is the remainder when 3765756 is divided by 50?
6
Calculate the remainder when 36857 is divided by 3684.
17
Calculate the remainder when 1176590 is divided by 28014.
2
What is the remainder when 1247286 is divided by 2530?
2526
What is the remainder when 2962129 is divided by 14037?
322
Calculate the remainder when 416723 is divided by 3161.
2632
Calculate the remainder when 4713165 is divided by 385.
380
What is the remainder when 28376804 is divided by 526?
156
Calculate the remainder when 2283854 is divided by 43.
38
What is the remainder when 18235214 is divided by 749?
60
What is the remainder when 51813 is divided by 9?
0
What is the remainder when 97571 is divided by 4?
3
What is the remainder when 6579891 is divided by 1224?
891
What is the remainder when 1742713 is divided by 1120?
1113
Calculate the remainder when 13567818 is divided by 8258.
8182
What is the remainder when 28841 is divided by 63?
50
Calculate the remainder when 1903330 is divided by 10.
0
What is the remainder when 2231437 is divided by 76945?
32
What is the remainder when 4949493 is divided by 581?
535
What is the remainder when 14675537 is divided by 17?
15
Calculate the remainder when 1740514 is divided by 72518.
82
Calculate the remainder when 23790176 is divided by 258.
254
What is the remainder